ose -3*b - 20 = 2*b. Is (-1 + (-38)/b)*2 a multiple of 4?
False
Suppose 5*l = -20, l = 3*p - l - 95. Suppose 0*c - 56 = -4*c. Suppose 29 = 3*f - 5*b, -5*b + c = f - p. Is f a multiple of 6?
True
Let c(r) = -r**2 - 9*r - 8. Is c(-7) even?
True
Suppose 629 = 6*p - 625. Is 19 a factor of p?
True
Let g(p) = 5 + 8 - p - 2. Let u be 16/(-28) - (-104)/(-14). Does 9 divide g(u)?
False
Let o = 635 + -180. Is 55 a factor of o?
False
Suppose -n + 4*n - 6 = 0. Let k(p) = -6*p - 1. Let u be k(-1). Suppose 0 = -n*h, -3*h - 90 = -u*r - 0*h. Does 18 divide r?
True
Let m(k) be the third derivative of k**2 + 0*k + 1/12*k**4 + 0 - 2/3*k**3. Is m(3) a multiple of 2?
True
Suppose -2*g - 4*c - 40 + 16 = 0, -4*c = -2*g - 64. Let d = g - -40. Is 17 a factor of d?
False
Suppose -5*w + 25 = -30. Let t = 23 - w. Is t a multiple of 4?
True
Suppose -7*d = -16*d + 324. Is 9 a factor of d?
True
Suppose 3*o + 5*z = -64 + 221, -5*o - 3*z + 235 = 0. Is o a multiple of 6?
False
Let x(l) be the third derivative of 0 + 0*l + 11/60*l**5 + 1/24*l**4 - 2*l**2 + 1/6*l**3. Does 8 divide x(-1)?
False
Suppose 186 = o - 70. Does 45 divide o?
False
Suppose -5*m + 3*s + 19 = 0, 0 = -5*m + s - 2*s + 27. Is m + -8 - -67*1 a multiple of 23?
False
Suppose 3*s + 44 = 302. Is s a multiple of 24?
False
Suppose 0 = 5*g + m + 1, -3*m + 19 = -5*g + 2. Does 17 divide (-1)/(g - 16/(-17))?
True
Let z(a) = -6*a - 3. Let c = 0 - 3. Let m be z(c). Let d = 37 - m. Does 9 divide d?
False
Let w(m) = 4*m**2 + 2*m + 1. Let c = -14 + 12. Is w(c) a multiple of 6?
False
Let x(t) = t. Suppose -12 = -5*r + 2*r. Let p be x(r). Suppose 0 = 5*h + 3*d - 240, -p*h + 2*d - 5*d = -189. Is h a multiple of 20?
False
Let c(s) = s**3 + 47. Does 35 divide c(0)?
False
Let o(r) be the second derivative of -r**5/10 - r**4/3 + r**3/3 - 5*r**2/2 + 2*r. Is 18 a factor of o(-4)?
False
Let y(x) = 2*x**3 - 4*x**2 + 3*x - 3. Let r = 11 - 7. Suppose -p + 5*p - 12 = 0, -r*d = 2*p - 18. Is y(d) a multiple of 15?
False
Suppose 0 = -5*q + 11*q - 258. Is 42 a factor of q?
False
Suppose 0 = -17*u + 11*u + 2004. Does 48 divide u?
False
Let c = -18 + -6. Let a be (c - -10)/(1/(-2)). Let q = a + 14. Is 19 a factor of q?
False
Suppose 2*y = y + 45. Is y a multiple of 5?
True
Let y be (-8)/(-20) - (-56)/10. Suppose t = 4*t - y. Suppose t*p = p + 20. Is 10 a factor of p?
True
Let f(l) = -l**3 - 4*l**2 + l + 3. Let k be f(-4). Let h = 2 - k. Is h a multiple of 3?
True
Let h(g) = g + 4. Let l be h(-8). Suppose 2*u = -5*o - 4, -3*u - o = -8*u - 64. Let p = l - u. Is 4 a factor of p?
True
Suppose 4*p - 5*u = -24, -5*p - 3*u + 6 + 1 = 0. Let h(t) = t + 5. Let a be h(-3). Is 9 a factor of (-3 + a)/(p/13)?
False
Suppose 4*o = 34 + 38. Let c(z) = 3*z + 16. Let n be c(-6). Let m = o - n. Is 17 a factor of m?
False
Suppose -8*a - 54 = -11*a. Does 6 divide a?
True
Let k(a) = a**2 + 3*a + 7. Does 16 divide k(-9)?
False
Let y = 22 + -23. Let d = -9 - -16. Let i = y + d. Is 3 a factor of i?
True
Suppose -4*j - 24 = r - 204, j - 52 = -2*r. Is j a multiple of 12?
False
Let a be 21/(-3)*7*1. Is 4/14 + (-231)/a a multiple of 5?
True
Suppose 0 = 2*c + 2*c - 4*s - 20, 3*c - s = 9. Suppose c = -2*d - 2. Is d - (-3)/(9/42) a multiple of 6?
True
Suppose -2*m - 6 = 0, 4*i - 809 = -4*m - 37. Does 28 divide i?
True
Let w = 15 - 8. Suppose -3*g = -8 - 4. Let x = w - g. Is 3 a factor of x?
True
Let a = 12 + 15. Suppose -p + a = 4. Suppose -4*x - 7 = -p. Does 2 divide x?
True
Let n = 88 - 29. Is 7 a factor of n?
False
Suppose -87 = -6*m + 147. Is m a multiple of 10?
False
Let g = -1 + 4. Suppose j + 0*j - 6 = -q, -2*j + 12 = g*q. Does 2 divide j?
True
Let t = 357 + -229. Suppose -t = -u + 254. Is u/10 - (-3)/(-15) a multiple of 19?
True
Suppose -2*y = 2*h - 42, 3*y - 3 + 84 = 3*h. Is 12 a factor of h?
True
Is 24 a factor of (-3370)/(-16) + (-3)/(-8)?
False
Let r = -25 + 70. Does 9 divide r?
True
Let g = -4 + 6. Let y = 1 + g. Suppose 6*d - d - 71 = -y*a, 3*a - 4*d = 62. Is 14 a factor of a?
False
Let c(s) = s**2 - s - 1. Let v(b) = -39*b**2 + b + 2. Let x(y) = -c(y) - v(y). Let d be x(-1). Suppose -5*i + d + 18 = 0. Is 11 a factor of i?
True
Let c = -7 + 19. Is 5 a factor of c?
False
Let y be (-1 + -145)*2/(-4). Let g = y - 26. Suppose -2*f - q + g = -34, 2*f + 5*q = 101. Does 13 divide f?
False
Suppose -6*q + 4*q + 24 = 0. Let f be q + (-2 + 0 - 1). Is f + -5 + (-4)/(-2) a multiple of 3?
True
Let x be -1*(0 + (-3 - -1)). Suppose 2*v + x*v + 36 = 0. Let o = 12 - v. Does 11 divide o?
False
Let u = -14 - -39. Is u a multiple of 2?
False
Let h(p) = 3*p - 1. Is 5 a factor of h(2)?
True
Let y be ((-4)/(-5))/((-4)/(-10)). Suppose y*d - 5*m - 137 = 0, -2*d + 92 = 6*m - 2*m. Suppose -x + 5*x = d. Is 8 a factor of x?
False
Let w(r) = -2*r + 10. Let q be -1*-7*(0 + -1). Let c be w(q). Suppose 3*t - c = t. Does 12 divide t?
True
Let l be (-6)/24 + (-17)/(-4). Let i = l + 3. Does 2 divide i?
False
Suppose a = 20 + 8. Is a a multiple of 22?
False
Let s = 76 - 14. Is 9 a factor of s?
False
Suppose 3*t - 3*s = 24, -s + 8 = 3*t - 8. Suppose 0 = -4*o + 6 + t. Suppose 2*h + 2*n - 18 = 0, -3*n + 0 = -3*h - o. Is h a multiple of 3?
False
Does 3 divide 30*14/105*(-3)/(-1)?
True
Let c(f) = 4*f + 4. Let t be c(6). Does 25 divide ((-13)/(-4) - 1)*t?
False
Suppose 0*z - 4*z = -92. Is 5 a factor of z?
False
Suppose 120 = 4*q - 188. Is q a multiple of 11?
True
Let n(v) = -v**3 + 2*v**2 + 3*v - 1. Let a(b) = b**2 + 4*b - 4. Let t be a(-5). Suppose 1 = l - t. Is n(l) even?
False
Let z(d) = d**2 - 7*d + 4. Let n be z(5). Let c = 9 + n. Does 3 divide c?
True
Let g(v) be the third derivative of 17*v**5/30 - v**4/12 + v**3/6 - v**2. Let q be g(1). Let a = q + -17. Is a a multiple of 8?
True
Suppose 0 = -5*b - 6*b + 286. Does 20 divide b?
False
Let g be (-184)/18 - (-10)/45. Let f(w) = 4*w**2 - 2*w - 4. Let z be f(3). Let k = g + z. Does 9 divide k?
False
Let r be (-3*(-20)/6)/(-1). Is 2 a factor of (-32)/(-20) + (-4)/r?
True
Let a be 4*4/(-24)*-3. Suppose 0 = a*c - c - 38. Does 19 divide c?
True
Suppose 0 = j - 38 + 7. Is 7 a factor of j?
False
Let p = 53 + -26. Let c = p - 12. Is 7 a factor of c?
False
Suppose 3*v + 221 = 6*v - 5*o, -4*o + 356 = 5*v. Does 9 divide v?
True
Suppose -705 = -10*z + 945. Is 26 a factor of z?
False
Suppose -5*g - 4*u = -2*g - 560, 12 = -3*u. Suppose -n - 2*y + 64 = 0, 3*n + 0*n + 2*y = g. Is 16 a factor of n?
True
Let g = -116 + 138. Is g a multiple of 22?
True
Let s = 8 + -4. Suppose s*p = -4*j - 20, -j + p - 4 = 3*p. Let x(y) = -2*y + 1. Is 5 a factor of x(j)?
False
Let d = -44 + -11. Let y = -20 - d. Is y a multiple of 11?
False
Suppose 0 = -2*r + 2*d + 10, -4*d = -3*r + d + 17. Suppose 0 = w - 4*p - 15, r*w - 2*w = -3*p + 74. Is w a multiple of 11?
False
Suppose -5*p = -3*l + 254, 0 = 2*p + 1 + 1. Suppose -37 - l = -5*c. Does 8 divide c?
True
Let j be (1 + -3)/(-2) - -1. Suppose -3*v = j*z - 20, -2*v + 18 = -2*z - 12. Is 19 a factor of (-4)/v - 1108/(-20)?
False
Let i = -169 - -354. Is i a multiple of 12?
False
Suppose 0 = 7*h - 3*h - 20. Let x = 8 - h. Suppose x = 3*s - 39. Is 11 a factor of s?
False
Let l(n) = 4*n**2 + 4*n - 4. Let k be l(-4). Suppose -x + k = x. Is x a multiple of 9?
False
Suppose -3*r = -r - 252. Does 18 divide r?
True
Let k(u) = u**2 + 7*u + 6. Let a be k(-6). Suppose -30 = -a*t - t. Is 12 a factor of (-2)/(-5) + 1038/t?
False
Let a(l) = -l**2 - 15*l + 18. Does 2 divide a(-16)?
True
Suppose 50 = 6*w - 34. Does 3 divide w?
False
Let c(v) = v**3 + 3*v - 2. Is c(2) even?
True
Suppose 2*p + 2 = 3*p, -i + 26 = 2*p. Is 7 a factor of i?
False
Suppose 138 = 4*h - r - 138, -2*h = -3*r - 128. Is 7 a factor of h?
True
Suppose p + 4 = 2*p. Suppose 0 = -p*a + 5*n + 95, -n - 3 = -4*n. Does 11 divide a?
False
Is 26 a factor of (-520)/(-39)*(2 - (-1)/1)?
False
Let m = -22 - -87. Does 19 divide m?
False
Is 414/2 - (-4 + -2 - -3) a multiple of 14?
True
Let k = 40 + -7. Does 5 divide k?
False
Suppose -n - 5*r = 12, r = -4*n + n + 6. Suppose -2*o - 2*u + 120 = 0, 0 = -n*o + 4*o - u - 64. Does 20 divide o?
False
Suppose 2 = -2*f + 6. Suppose -28 = -4*c - 0*c - 2*u, -u = f. Is c a multiple of 4?
True
Let o(n) be the third derivative of n**6/120 + n**5/10 - n**4/8 - n**3/2 - 2*n**2. Does 11 divide o(-6)?
False
Let y = -212 - -363. Is 43 a factor of y?
False
Let b(k) = k + 6